20334240 (base 6) to base 14
-a66892
Convert 502521550 (base 6) to base 10.
8533290
Convert 21210101200 (base 3) to base 11.
a5265
Convert -254070 (base 9) to base 5.
-14411012
Convert -129722 (base 11) to base 13.
-71636
3683d2 (base 14) to base 13
504869
What is -4446 (base 11) in base 16?
-16e2
What is -96226 (base 16) in base 6?
-21102554
What is -27152d8 (base 14) in base 3?
-1022112000202210
Convert 1335634 (base 7) to base 11.
111239
-224612 (base 8) to base 5
-4414140
What is 10000011100001101011100 (base 2) in base 11?
2484068
Convert -552e88 (base 16) to base 13.
-1205c4c
10110011101000010 (base 2) to base 7
532064
What is 111110110111101110 (base 2) in base 11?
166528
Convert 1111200001011 (base 3) to base 15.
10c29d
Convert b4abe (base 15) to base 3.
1002002201222
Convert -203300320 (base 4) to base 8.
-436070
What is d512a (base 14) in base 12?
209102
What is -104278 (base 11) in base 8?
-505456
103b0 (base 15) to base 13
1a56b
675076 (base 8) to base 15
477d7
Convert 41131121 (base 5) to base 3.
121221011221
13253123 (base 6) to base 7
3522324
What is 9398d (base 14) in base 5?
42341430
What is 49243b1 (base 12) in base 2?
110110010010101100110101
35a286 (base 14) to base 8
6775036
Convert 7ad55 (base 15) to base 16.
5f7da
11110010101011101011 (base 2) to base 4
3302223223
-20112110101 (base 3) to base 15
-281ad
What is 143402100 (base 7) in base 10?
9479883
Convert 2592788 (base 10) to base 3.
11212201122012
What is 1010100101011111110011 (base 2) in base 13?
762138
What is 442033 (base 9) in base 3?
111102001010
20301413 (base 5) to base 9
272456
-110100101001110 (base 2) to base 6
-324450
Convert 13300332320 (base 4) to base 12.
822048
Convert 720382 (base 10) to base 9.
1317154
Convert 1000110000110010001001 (base 2) to base 6.
121122041
1550266 (base 7) to base 5
23320320
What is -14411144 (base 5) in base 2?
-100101100101000100
183352 (base 14) to base 5
204312134
124430234 (base 5) to base 16
984cb
8a7353 (base 11) to base 14
298628
1874055 (base 9) to base 4
10001000312
Convert -176658 (base 12) to base 3.
-202120221112
-1292bbd (base 14) to base 8
-42131423
Convert -1454606 (base 8) to base 10.
-416134
-4835570 (base 10) to base 7
-56046605
182038 (base 12) to base 8
1460654
What is -10011011101100000111010 (base 2) in base 13?
-109811a
What is -298321 (base 12) in base 16?
-aa8c9
What is 86a2c (base 13) in base 8?
733306
What is -5bb92 (base 13) in base 15?
-350d5
-370762 (base 8) to base 2
-11111000111110010
-156a72 (base 11) to base 8
-733513
3413 (base 16) to base 13
60b6
1100100101110100100 (base 2) to base 5
101200310
-122312222 (base 4) to base 16
-1adaa
-32111131221 (base 4) to base 9
-7056816
What is 13a9091 (base 12) in base 10?
3955501
Convert 223103 (base 8) to base 12.
37717
Convert -6263052 (base 8) to base 12.
-68334a
What is -5471d2 (base 14) in base 5?
-1213043442
-1001000100011000011110 (base 2) to base 5
-1102032441
-b4ca0 (base 13) to base 9
-544871
What is 271734 (base 9) in base 15?
33ed7
-13963c0 (base 13) to base 14
-b799a6
-f0360 (base 16) to base 14
-1b87cc
2363411 (base 7) to base 14
7bb78
What is -100211221101 (base 3) in base 15?
-3c69a
Convert -78622 (base 10) to base 12.
-395ba
Convert 1300202201 (base 4) to base 16.
708a1
Convert 22624818 (base 9) to base 4.
221331200021
Convert -6112320 (base 7) to base 3.
-1100212211000
-340521 (base 6) to base 3
-1110101011
Convert -3221330010 (base 4) to base 13.
-2771b8
What is -2722b (base 13) in base 7?
-422316
Convert 5480dc (base 16) to base 2.
10101001000000011011100
1b15a7 (base 12) to base 14
c6a63
645587 (base 10) to base 3
1012210120122
Convert -2898101 (base 10) to base 11.
-16aa428
Convert -1a9445c (base 14) to base 12.
-453886a
What is 258637 (base 15) in base 5?
430102102
Convert 2519a2 (base 11) to base 2.
1100001001000001111
Convert 1f6a5 (base 16) to base 15.
281d7
654771 (base 9) to base 7
3214624
Convert 22001102 (base 3) to base 7.
23054
Convert 121558 (base 10) to base 14.
3242a
ade0e7 (base 16) to base 11
6483507
What is 4303130 (base 5) in base 3?
10200011102
Convert -1024105510 (base 6) to base 7.
-161036526
What is 57a45 (base 11) in base 15?
19c56
-16aca00 (base 13) to base 2
-11100000110111000100111
1010000000001110 (base 2) to base 5
2302344
Convert -2245505 (base 6) to base 11.
-79700
Convert -5442224 (base 6) to base 3.
-111201111021
Convert -22264525 (base 8) to base 10.
-4811093
-1002112020 (base 4) to base 16
-42588
-222002220002 (base 3) to base 11
-321091
Convert 210232013 (base 5) to base 9.
1562305
-6792a3 (base 12) to base 16
-193d5b
What is 6815 (base 16) in base 13?
c188
Convert -6157 (base 9) to base 12.
-2737
Convert 81a19 (base 11) to base 16.
1d389
What is 4572c (base 15) in base 11?
141042
255b1b5 (base 12) to base 13
169c67c
What is 202432332 (base 5) in base 3?
1120000201200
Convert -21906 (base 13) to base 11.
-41795
What is 15262801 (base 9) in base 7?
121411456
What is 89306a (base 14) in base 10?
4656662
-32231212010 (base 4) to base 16
-3ad984
What is -14033210 (base 5) in base 15?
-2c53a
What is 4438a (base 13) in base 5?
12424103
What is 3005371 (base 8) in base 16?
c0af9
2200001 (base 5) to base 2
1001001001111101
Convert -541738 (base 11) to base 4.
-3103123312
-282b931 (base 14) to base 6
-1533153051
Convert -4043b7 (base 14) to base 13.
-5a96c3
What is -276080b (base 13) in base 16?
-bd98b6
What is 3e161 (base 16) in base 6?
5241201
Convert -16120102 (base 7) to base 10.
-1551097
8760742 (base 9) to base 13
c8963c
Convert -3372a6 (base 13) to base 14.
-238d15
-44b5b2 (base 13) to base 10
-1624573
Convert 10011001010001100110001 (base 2) to base 12.
1822669
Convert 4502033 (base 7) to base 4.
2013211031
What is 16adc (base 16) in base 4?
112223130
-1483078 (base 12) to base 10
-4152476
-231311101110 (base 4) to base 11
-6866893
Convert 3906828 (base 10) to base 9.
7314140
Convert -214366 (base 8) to base 7.
-416461
What is -112031003211 (base 4) in base 5?
-2442230040
Convert 2a1131 (base 15) to base 16.
1ef466
What is -4a640a (base 13) in base 16?
-1b3b4a
Convert 54154 (base 8) to base 14.
836c
Convert -12234551 (base 7) to base 5.
-240220221
Convert 8a884 (base 13) to base 7.
2066312
110010011110101001011 (base 2) to base 9
3100878
Convert 14202202 (base 5) to base 10.
147177
Convert 222213225 (base 6) to base 12.
1424215
Convert -27101 (base 15) to base 6.
-2403101
30731d (base 14) to base 5
404231140
-104443213 (base 5) to base 15
-93c73
586568 (base 10) to base 16
8f348
Convert -3530442 (base 8) to base 16.
-eb122
Convert -202002202120 (base 3) to base 4.
-1200212121
12401030 (base 5) to base 11
83743
What is 10011100100110101 (base 2) in base 15?
18b56
Convert 154d29b (base 14) to base 7.
154320354
What is -64bb84 (base 12) in base 14?
-2d7c0c
2330515 (base 8) to base 6
21340445
5356419 (base 10) to base 13
11570a3
What is 505750 (base 9) in base 4?
1021013232
11142805 (base 9) to base 11
305a510
-25a0071 (base 11) to base 14
-8500db
-15b30 (base 12) to base 3
-1120112000
Convert 11100011101011111000 (base 2) to base 5.
214320400
What is -28ac05 (base 13) in base 7?
-11313046
What is 4c6dd (base 15) in base 4?
323231032
What is 102002010012 (base 3) in base 11?
139914
Convert 10100120020 (base 3) to base 15.
14866
1542413452 (base 6) to base 11
10150522
What is -74482 (base 15) in base 6?
-11523505
What is 2226875 (base 10) in base 2?
1000011111101010111011
Convert -4d1c35 (base 14) to base 2.
-1010001000011001100111
482078 (base 9) to base 3
112202002122
Convert -100111001000011011 (base 2) to base 11.
-aa472
What is 3ca818 (base 15) in base 4?
23021023232
2605660 (base 7) to base 9
564817
-23a1752 (base 11) to base 5
-2032044140
What is -13252544 (base 6) in base 9?
-744081
What is -84588 (base 15) in base 14?
-acd85
Convert 104281 (base 9) to base 16.
f2f8
What is 1531257 (base 10) in base 11?
956502
What is 157264 (base 8) in base 10?
57012
-30021031332 (base 4) to base 15
-42d3c6
Convert -2059748 (base 10) to base 2.
-111110110110111100100
Convert -53574 (base 14) to base 11.
-128346
Convert 5b46 (base 15) to base 6.
225520
1221114 (base 7) to base 11
a7614
1826133 (base 9) to base 2
11111001011000000000
Convert -2447e (base 15) to base 2.
-11100010000111001
-17054 (base 10) to ba